Let q(w) = -39*w**2 + w - 1. Let j be q(2). Let z = 227 + j. Let v(k) = -2*k**3 + 8. Let t be v(0). What is the highest common factor of t and z?
8
Let v(w) = 2*w**2 + 156*w - 245. Let a be v(-81). What is the greatest common factor of 1 and a?
1
Suppose -4*g = 2*i + 54, 4*i - 13 = 5*g + 22. Let u(r) = 4*r**2 + 44*r + 13. Let l be u(g). Let k = 72 + 45. Calculate the highest common factor of k and l.
13
Suppose 80520 = 84*p - 59928. What is the greatest common divisor of p and 190?
38
Suppose -4*u - 3584 = -83*b + 80*b, 1182 = b + 5*u. Calculate the highest common factor of b and 745.
149
Suppose -q = 8*w + 10, -1823*w = -3*q - 1821*w + 22. Let g(j) = -2*j - 2*j + 8*j. Let r be g(2). What is the highest common factor of r and q?
2
Let u = -18 - -18. Suppose 16*w - 1472 - 384 = u. Suppose -5 + 1 = -y, -5*y - w = -4*b. What is the highest common divisor of b and 272?
34
Suppose 4*m + 16 = 0, -m + 1203 + 37 = 2*p. Suppose -p*d = -621*d - 819. What is the highest common divisor of d and 182?
91
Let z(d) = -d**2 + 21*d - 107. Let i be z(13). Let s(f) = f + 21. Let l be s(i). Suppose -a + 792 = 3*a. What is the greatest common factor of l and a?
18
Let d be ((-1)/4)/((-4)/16). Suppose 3*b - 302 = -269. Calculate the highest common divisor of b and d.
1
Let o be 1 + 10 + (57 - -120). Suppose -k + 6*k = -5*g, -2*g + 24 = -4*k. What is the highest common factor of g and o?
4
Let x be (-5 - -2343)*4/14. Let l = x + -497. Let y(d) = -4*d - 5. Let a be y(-6). What is the highest common factor of l and a?
19
Let f(q) = -3*q - 25*q**2 - 3*q**2 - 37 + 29*q**2. Let w be f(11). Let p = 40 - 23. Calculate the highest common divisor of p and w.
17
Suppose 684*r + 15182 - 5966 = 716*r. What is the highest common divisor of r and 7968?
96
Let s be -438*10/(-135)*-9. Let a = s + 447. What is the greatest common divisor of 62 and a?
31
Let y(z) = z**2 + 23*z - 371. Let h be y(11). Let i be -51*(-1)/h + -5. What is the highest common factor of i and 576?
12
Suppose -4*l - 18 = -5*l - 5*z, z = 5*l - 90. What is the highest common divisor of 729 and l?
9
Suppose 3*d = -4*i + 74, i - 24 + 1 = -d. Let b be d + 3 + -2 + 4 + -4. Let k = b - 10. What is the greatest common factor of 6 and k?
3
Suppose -5*i - 5*o + 95 = 0, -52 = -3*i + 8*o - 6*o. Calculate the highest common factor of i and 2178.
18
Suppose 5*l + 4*c - 5*c + 2540 = 0, 0 = 2*c + 10. Let d = l - -262. Let n = 373 + d. What is the greatest common divisor of 18 and n?
18
Let l = 45 + -36. Suppose 5*o - 5*z + l*z - 774 = 0, 5*o = -2*z + 772. Calculate the greatest common factor of o and 33.
11
Let f be 4/(-6) - -1*72/27. Suppose -y - 783 = -3*h + 4*y, 1018 = 4*h + f*y. Calculate the highest common factor of h and 32.
32
Let k(l) = l**3 - 5*l**2 - 12*l - 12. Let p be k(7). Suppose p*f = 6*f - 8. Suppose 0 = f*n - 14 - 36. Calculate the highest common factor of n and 225.
25
Let h = 740 + -1145. Let d = -200 - h. Suppose -93 = -2*m - 3*k, 0 = 5*m + k + k - d. What is the greatest common divisor of m and 429?
39
Suppose 2*z + 4*j - j = 22, -2*j + 44 = 5*z. Let n be z/52 + 1080/78. What is the highest common factor of 28 and n?
14
Suppose 0 = -2*s - 8*s + 60. Let z be 267/s + 1 - 3/(-6). Calculate the highest common divisor of 368 and z.
46
Suppose 6*g - 72 = 2*g. Suppose -4*o + g = 5*q - 3*q, -3*o + 19 = 2*q. Suppose 40*u = 42*u - 154. What is the greatest common factor of q and u?
11
Let u be -1 + 3 - (136 - 5). Let t = u + 134. Calculate the greatest common divisor of t and 65.
5
Let l = 23692 - 23668. What is the highest common factor of 8648 and l?
8
Suppose 8*w - 11*w + 45 = 0. Let m be (-6 - 396/w)/((-4)/10). Calculate the highest common factor of 270 and m.
27
Let d = -241 - -388. Let w = d - -60. Calculate the greatest common factor of w and 345.
69
Suppose -22*f + 2*b = -18*f - 2192, 5*f + 2*b = 2722. Calculate the highest common divisor of f and 858.
78
Suppose -17*x - 12588 = -620. Let s = 707 + x. Suppose -5 = t - 3*t + 3*n, n + 5 = 4*t. What is the greatest common divisor of s and t?
1
Suppose 2*v - 16*v = -105*v + 3003. What is the greatest common factor of v and 363?
33
Let o be (-2086)/(-21) - 1/3. Let u = o - 257. Let i = -113 - u. What is the highest common divisor of 30 and i?
15
Let z be -25 + (14 - -9571) - -15. What is the greatest common factor of z and 5?
5
Let k = -3736 + 3866. What is the greatest common divisor of k and 598?
26
Let y be ((-150)/(-15))/(-10)*-75. Calculate the greatest common divisor of y and 325.
25
Let w(d) = -31*d - 55. Let g be w(-15). What is the greatest common factor of g and 902?
82
Suppose 2*n + 5 = -2*f + 33, 4*f + 3*n - 57 = 0. Suppose -342 - 3078 = -f*u. What is the highest common divisor of u and 12?
12
Let f be 5055 - 16/10*(-70)/((-98)/(-7)). Calculate the greatest common factor of f and 183.
61
Let y(r) = 836*r - 1667. Let v be y(2). What is the greatest common factor of 1715 and v?
5
Suppose -2*n = -4*f - f + 163, -2*f + 3*n = -63. Suppose -5*i = -3*y + 33, 2*i = 3*y + 3*i - f. Calculate the highest common factor of y and 11.
11
Suppose 10*f - 2134 = -604. Suppose -f*y + 156*y - 126 = 0. What is the highest common divisor of y and 30?
6
Let b(o) = -7*o - 3 + 4*o**2 - 13 + 0*o. Let f be b(-5). What is the greatest common divisor of 85 and f?
17
Suppose 140 = -0*z - 5*z. Let a = -25 - z. Let g be (3 + 21/(-9))*1*a. Calculate the greatest common factor of g and 18.
2
Suppose 6*a - 73 = 83. Suppose 2*q + 0*q = 2*p + a, 2*q = -3*p + 51. Suppose -19*j + q*j + 9 = 0. Calculate the greatest common divisor of j and 81.
9
Let v(z) = -3*z**2 - 10*z - 29. Let q(n) = 5*n**2 + 20*n + 57. Let y(f) = -6*q(f) - 11*v(f). Let j be y(7). What is the greatest common divisor of 18 and j?
18
Suppose 0 = -2*p - o + 926, -5*p + 2251 = -5*o - 79. Let y = p + -455. Calculate the greatest common divisor of y and 4.
1
Let a(k) = -576*k - 688. Let g be a(-4). What is the greatest common divisor of 32 and g?
16
Let z(f) = -67*f - 75. Let r be z(9). Let w = -660 - r. What is the highest common factor of w and 66?
6
Let b(a) = -4*a**3 + 10*a**2 + 4*a + 8. Let s be b(5). Let j = 558 + s. Calculate the highest common factor of 32 and j.
16
Let s(p) = p**2 + 8*p + 11. Let n be s(-7). Suppose -110 = -2*z + 2*i, 20 = -0*i + 4*i. Suppose -3*a = 7*a - z. Calculate the highest common factor of a and n.
2
Suppose 4*i + 2 = 3*m - 0*i, -m + i + 2 = 0. Suppose -2*c = -4*q + 2*c + 36, -2*c + m = q. What is the highest common factor of 32 and q?
8
Suppose 4073 = 96*i - 6425 + 2050. What is the highest common divisor of 5324 and i?
44
Let f be (-3 - -60) + (-3 - 0). Let a = -784 - -820. Calculate the greatest common divisor of f and a.
18
Let d be (-16705)/(-10) + (12/27 - (-825)/270). What is the greatest common divisor of 3038 and d?
62
Let y be (-17 - (3 - 3))/(3 + -4). Let a(w) = 6*w**3 - 5*w**2 + 11*w - 8. Let t be a(4). Calculate the greatest common factor of y and t.
17
Let z(f) = f**2 + 3*f - 47. Let o be z(-9). Suppose -o*v + 1248 = -4*v + 2*g, 9 = -3*g. What is the greatest common divisor of 22 and v?
22
Let g be (10/6)/(1 - (-668)/(-672)). Let w(b) = b**2 + 24*b - 61. Let u be w(-27). Calculate the highest common divisor of g and u.
20
Let v = 6612 + -6581. What is the highest common divisor of v and 13516?
31
Let m = -100 - -153. Let u be (((-4144)/320 + 13)*212)/((-3)/(-120)). What is the greatest common divisor of u and m?
53
Let y = 4448 + -4244. Calculate the greatest common factor of 16524 and y.
204
Let z = -1528 - -911. Let u = -586 - z. Calculate the greatest common factor of 992 and u.
31
Suppose 0 = 531*u - 529*u - 2136. Calculate the highest common factor of 24 and u.
12
Let a(p) = -p**3 + p**2 + 6*p + 70. Suppose u - 5*d - 4 = -29, -4*u - 2*d = -10. Let c be a(u). Calculate the highest common divisor of c and 30.
10
Suppose -4*f - 2*p + 7356 = 0, 36*p - 39*p + 9194 = 5*f. Calculate the highest common factor of f and 240.
80
Suppose -4*a + 5*f + 657 = 0, -86*f = -a - 88*f + 148. Calculate the highest common divisor of a and 3397.
79
Suppose 7*r + 13*r = 5080. Let c = r - 246. Calculate the highest common factor of 328 and c.
8
Suppose -5*q + 5*o + 1700 = 0, 0 = -4*q - 5*o - 161 + 1566. What is the highest common factor of q and 92?
23
Let n = 8000 - 6195. Calculate the highest